- 14 - 9 = 0, 2*m = n - 13. Let f be g(n). Suppose -f*d = 2*d - 32. Calculate the greatest common divisor of d and 56.
8
Suppose 720 = 6*a + 3*a. What is the highest common factor of a and 30?
10
Let z = -124 - 83. Let c = -132 - z. Calculate the highest common divisor of c and 15.
15
Let c = -3 + 3. Suppose -2*h - 6 = a - 3, -2*a - h = c. Let i be 6/4*2/3. What is the highest common factor of a and i?
1
Let b = 484 + -242. Let s(m) = -3*m + 37. Let k be s(5). Calculate the greatest common factor of b and k.
22
Suppose -9 - 3 = -4*c. What is the highest common divisor of c and 15?
3
Let n = 141 - 73. Calculate the greatest common factor of 170 and n.
34
Let f = 47 - -79. What is the greatest common divisor of f and 14?
14
Suppose 2*g = -0*g. Let j = 1 - g. What is the greatest common factor of j and 8?
1
Suppose 0 = 5*p - 2*f + f - 12, -2*f = 3*p - 2. Let x = p + 6. Calculate the greatest common factor of x and 24.
8
Let j = 30 - 26. What is the highest common factor of 1 and j?
1
Let w(k) = 17*k - 6. Let m be w(9). Suppose -4*p + 443 - m = 0. Suppose -5*z + 62 = 3*i, 3*i + 2*z = p - 6. Calculate the highest common divisor of i and 8.
8
Let i be (0 - -2)*(-1 + 2). Let k be (3/2)/(3/36). What is the greatest common divisor of k and i?
2
Let n be 1*22 + (2 - 6). Suppose y = 2*y - 4*i - n, 3*i - 15 = -4*y. What is the highest common factor of 9 and y?
3
Let f(p) = p + 31. Let h be f(0). Calculate the greatest common divisor of h and 155.
31
Let h be 24*3*(-3)/18. Let s = 18 - h. Calculate the greatest common divisor of 10 and s.
10
Let a(b) = -13*b. Let t be a(-1). Let n be (-1712)/(-12) + 1/3. Calculate the greatest common factor of n and t.
13
Let j = 97 - 22. Suppose -44 = -l - 3*y + 12, -5*l + 260 = 5*y. Calculate the highest common factor of j and l.
25
Let z be (-3)/(3/(-32)*2/8). Suppose -2*p + 27 = 5*y, -p - y = 4*y - 11. What is the greatest common divisor of z and p?
16
Suppose -3*f + 86 = -h, -f = 2*h - 13 - 4. Calculate the highest common divisor of f and 162.
27
Let l = 550 + -330. Suppose 3*r - 4 = 4*k - 0*k, 4*k + 4 = -r. Suppose r = j + j - 40. Calculate the highest common divisor of j and l.
20
Suppose 5*u + h - 985 = u, 2*u - 479 = -5*h. What is the greatest common divisor of 19 and u?
19
Suppose 3*k - 29 - 19 = 0. What is the highest common factor of k and 48?
16
Let w be 42 - 11 - (0 - -2). Calculate the greatest common divisor of 319 and w.
29
Suppose 0 = 2*a - 4*a + 20. Suppose -4*j - a = j. Let x be 14/(4/(4 + j)). Calculate the greatest common factor of 49 and x.
7
Let w be (-2)/4 + (-50)/(-4). Let m = 5 + -8. Let x = m + w. What is the greatest common factor of 36 and x?
9
Suppose 4 = d - 5*k, -5*k = d + 4*d - 80. Calculate the greatest common divisor of 14 and d.
14
Suppose -2*b + 7*b + 7 = 3*c, -c - 3*b + 21 = 0. Let h(f) = 2*f + 9. Let a be h(-3). What is the greatest common factor of a and c?
3
Let g = 74 - 30. Let m(u) = u. Let f = 5 + -1. Let b be m(f). Calculate the greatest common divisor of g and b.
4
Let i(k) = -k**3 - k**2 - k. Let c be i(-2). Let n = c - 1. Let g be 64/6 - n/(-15). What is the highest common divisor of 11 and g?
11
Suppose -4*b + 5*q = -15 - 17, 2*b = 2*q + 18. Let x = b + -6. What is the greatest common factor of 63 and x?
7
Let c be 0 + 4*3/6. Suppose 20 = 5*h, -c*h + 11 - 2 = -i. Let u be 1*(-72 - -2)*i. Calculate the highest common factor of 14 and u.
14
Let l = 695 - 431. Let n = -32 - -56. What is the greatest common factor of n and l?
24
Let t(g) = 3*g + 70. Let y be t(-21). What is the greatest common factor of y and 49?
7
Suppose 2*k - 7 = -47. Let p = k - -29. Calculate the greatest common divisor of 3 and p.
3
Let a(u) = -u + 7. Let d be a(5). Suppose -5*q = -z + d*z - 65, -z - 33 = -2*q. Calculate the highest common factor of q and 112.
14
Let w = 16 - 8. Let n(i) = 2*i**3 - 6*i**2 + i + 4. Let r be 6 + ((-6)/(-1))/(-3). Let m be n(r). What is the highest common divisor of m and w?
8
Let o be (-4)/18 - (-304)/72. Suppose 5*c = 15, o*v + 2*c - 3*c = 105. Calculate the greatest common factor of v and 18.
9
Let n be -3 + 90/24*(-8)/(-3). What is the greatest common divisor of n and 56?
7
Let u(j) = -j**3 - 4*j**2 - 6*j - 3. Let f be u(-4). Suppose -5*r + 46 = -5*d - 64, 5*r - 2*d = 107. Calculate the greatest common divisor of f and r.
21
Suppose -2*u - u + 52 = -2*q, -87 = -5*u + 3*q. Suppose 0 = -0*l + 3*l - 63. Let o = -3 + l. Calculate the greatest common factor of u and o.
18
Let h be 222/4 + (-3)/(-6). What is the greatest common divisor of 7 and h?
7
Let l = 2 + 0. Suppose 2*w = -3*h + 3, 3*w + l = -4*h + 7. Suppose -2*z + 4*u - 17 = -u, 31 = 4*z + w*u. What is the highest common factor of z and 16?
4
Let h be (1 - -48) + -1 + 3. Let z be 5/30 - 303/(-18). What is the greatest common divisor of h and z?
17
Let b = -1 - -6. Suppose -169 = -5*u + 3*m, -2*u + 5*u - b*m = 111. Suppose 0 = -4*p + 6 + 10. Calculate the greatest common divisor of u and p.
4
Let h be (-2 + 1)*6*-9. Calculate the highest common divisor of 81 and h.
27
Suppose -3*o + 99 = 2*f, -5*o - 5*f + 147 = -18. Suppose i = -4*i + 55. Calculate the greatest common factor of i and o.
11
Suppose 0 = 5*f + 10, 0 = -3*d - 4*f + 203 + 143. Let x = d + -62. What is the highest common factor of 140 and x?
28
Let w(c) = -20*c**3 + c**2 + 2*c + 1. Let x be w(-1). Let s = -17 + x. What is the greatest common divisor of 1 and s?
1
Let z(h) = -h - 6. Let a be z(6). Let k = 2 - a. What is the greatest common factor of k and 21?
7
Let j be (-2)/((-12)/21)*2. Suppose 4*w + 21 = -j. Let n(l) = -l**2 - 9*l - 2. Let x be n(w). What is the highest common factor of x and 12?
12
Let q(p) = p**3 + p**2 - 3*p + 2. Let j be q(-4). Let g be 2*(-1 - j/4). Let u be (-1 + -13)*120/(-28). Calculate the highest common divisor of u and g.
15
Let x = 64 - 55. Calculate the highest common divisor of x and 45.
9
Let u(x) be the second derivative of -x**5/20 + 3*x**4/4 + 7*x**3/3 + x**2 + x. Let w be u(10). Calculate the greatest common factor of 6 and w.
6
Suppose -4*t + 422 - 142 = 0. Calculate the highest common factor of 10 and t.
10
Let t = 6 + -4. Suppose -11 = -x - 2*y + 6*y, -3*x - 3*y - 12 = 0. Let s = 19 + x. Calculate the highest common factor of s and t.
2
Let b(t) = 28*t**2 + 3*t - 2. Let h be b(1). What is the greatest common divisor of h and 116?
29
Let y(l) = l**3 - 2*l**2 - 5*l + 3. Let u be y(4). Let f(h) = -h**2 + 16*h - 14. Let i be f(u). What is the highest common factor of i and 9?
1
Let r(k) = -24*k - 16. Let w be r(-1). Let f(j) = 4*j + 1. Let x be f(-4). Let d = x - -95. What is the highest common factor of w and d?
8
Let t = -93 + 298. Suppose -2*c + t = 5*r, 3 = c - 2. Calculate the highest common divisor of 26 and r.
13
Let p = 69 - 48. Let g = 37 - p. Let x(s) = -s**2 - 7*s - 4. Let d be x(-3). What is the highest common factor of g and d?
8
Let g(v) = -v**3 - 8*v**2 + 9*v + 2. Let r be g(-9). Let m be (r/4)/((-4)/16). Let l be ((-4)/m)/(1/40). What is the greatest common factor of 16 and l?
16
Suppose g + 3*u = -0*g - 10, -15 = -g + 2*u. Suppose 0 = g*k - 38 - 27. Suppose 0 = 5*a - 73 + k. Calculate the greatest common divisor of 8 and a.
4
Let z = 0 + 0. Suppose z = 3*t - 0*t - 36. Calculate the greatest common factor of 18 and t.
6
Let p(x) = x**3 - 3*x**2 + 4. Let y be p(3). Suppose 2*v - y = -0. Calculate the greatest common factor of v and 10.
2
Let y = 3 - -22. Suppose -3*x + y - 9 = m, -2*m + 5*x + 32 = 0. What is the highest common factor of 48 and m?
16
Suppose -4 - 4 = -4*u + 2*h, 4*h + 2 = u. Calculate the highest common divisor of 12 and u.
2
Suppose -2*y - 8 = -y. Let m be (0 - 0)*4/y. Suppose m = v - 0*v - 80. Calculate the highest common divisor of v and 10.
10
Suppose 4*k + 2*b - 4*b = 48, 4*b - 16 = 0. Let j = -17 + 31. Suppose s = 3*s - j. Calculate the highest common divisor of s and k.
7
Let w = -7 + 13. What is the highest common factor of 4 and w?
2
Suppose x = 62 - 11. Let i = 54 - 37. Calculate the highest common divisor of i and x.
17
Suppose 0 = 2*s - 7*s - 5*k - 45, 4*s = -5*k - 39. Let g be s/(-9) + (-49)/(-3). Calculate the greatest common factor of g and 119.
17
Let t be 1 + -3 + (0 - -4). Suppose 0 = -o + t*o - 72. Calculate the greatest common factor of o and 8.
8
Suppose f + 91 = g -